 the remainder when v is divided by 65.
4
Let g be ((-35)/10 - 0)*-4. Suppose g*p = -1393 + 63. Let j = p + 185. What is the remainder when j is divided by 46?
44
Suppose 32*s + 24 = -3*y + 29*s, -3*y - 4*s - 27 = 0. Calculate the remainder when (221 - y)*6/12 is divided by 23.
21
Suppose -2*z + 8 = -4*z + 5*p, 3*z - 22 = -p. Let v = -10207 - -10260. What is the remainder when v is divided by z?
5
Suppose 3*f = y + 8 - 95, y - 87 = -f. Calculate the remainder when 11656 is divided by y.
85
Suppose 11*p - 14 = 151. What is the remainder when 371 is divided by p?
11
Let h be (-20)/(-5)*(-9)/6. Let w be 2*1/(-6) + (-20)/h. What is the remainder when 4/(w/(-9)*3/(-25)) is divided by 26?
22
Let w(n) = n**3 + 3*n**2 - 9*n + 1. Let o be (1 + -2)*(35 + -38). Calculate the remainder when 54 is divided by w(o).
26
Let v(r) = 2747*r**3 + r**2 - 6*r - 7. Let x be v(-2). Let f be x/(-209) + (-4)/38. Suppose 11*h = 4*h + f. What is the remainder when 22 is divided by h?
7
Let g(q) = q**2 - 26*q - 266. Let d be g(34). Calculate the remainder when 1548/d + (2 - 5) is divided by 65.
60
Let j = 34 - -43. Let z(u) = -2*u + 11. Calculate the remainder when z(-15) is divided by (144/14 + -10)/(1/j).
19
Let c(b) = -120*b - 214. Let f = 98 - 50. Calculate the remainder when f is divided by c(-2).
22
Suppose -4*k = -j + 39, -5*j + 11*k = 8*k - 127. What is the remainder when j is divided by 13?
10
Suppose -5*h - 7 = -77. Let j = -132 + 280. Let w = j - -17. Calculate the remainder when w is divided by h.
11
Let c(a) = -2*a**2 - 31*a - 41. Let o = -451 - -437. Calculate the remainder when c(o) is divided by 1.
0
Let j(r) = 2*r**2 - 4*r - 30. Suppose 4*q - 6 = 2*q, 5 = -2*x - q. What is the remainder when 41 is divided by j(x)?
5
Let j = 459 + -451. Let q(a) = 27*a - 171. What is the remainder when q(j) is divided by 8?
5
Let y = -4627 + 4837. Calculate the remainder when 629 is divided by y.
209
Let f(m) = -2*m**3 - 132*m**2 + 272*m + 83. What is the remainder when f(-68) is divided by 20?
3
Let h = 32029 - 32015. What is the remainder when 9460 is divided by h?
10
Let d(j) = 20*j**2 - j. Let k be d(1). Let r = -11 + k. Suppose -3360 = -161*t + 49*t. Calculate the remainder when t is divided by r.
6
Suppose a = 0, -3*a - 117 = -2*q - 13. Let z = -14791 - -14815. Calculate the remainder when q is divided by z.
4
Let w(x) = 153*x + 3369. What is the remainder when 1693 is divided by w(-22)?
1
Suppose 141958 + 82817 = 675*y. Calculate the remainder when y is divided by 8.
5
Suppose 3*t + 4*h - 1459 = 0, 2*t - 3*h = 7*t - 2417. Suppose 0 = 6*a - t + 109. What is the remainder when 226 is divided by a?
40
Let t = 189 + -132. Calculate the remainder when t is divided by -7*((-1)/(-4 - -2))/((-6)/60).
22
Let p = 193 - 248. Let j be (-1 - 1) + (-104)/4. Let y = j - p. Calculate the remainder when 51 is divided by y.
24
Let c(a) = 7*a**2 + 8*a - 6. Let q be c(1). Let s = -5 + 27. Calculate the remainder when 39*(90/9 - q) is divided by s.
17
Suppose 1574 + 1411 = 5*r. Calculate the remainder when r is divided by 6.
3
Let h = -834 - -853. Suppose 369 = -4*t + 1345. What is the remainder when t is divided by h?
16
Let u(l) = 8939*l**2 - 45*l + 3. Calculate the remainder when u(2) is divided by 104.
101
Suppose -135 = -34*d + 35. Suppose h - d*r - 40 = 6, -124 = -3*h + r. Calculate the remainder when 76 is divided by h.
35
Suppose -20*s + 3589 + 651 = 0. Calculate the remainder when s is divided by 43.
40
Calculate the remainder when 657 is divided by 62/1 + (105 + -93 - 3*2).
45
Suppose 0 = -s - 2*i + 4 + 3, 5*i = -3*s + 19. Suppose -s*v + 36 = -21. Calculate the remainder when 151 is divided by v.
18
Let d = -15 - -19. Suppose 0 = 7*s - d - 31. Calculate the remainder when 49 is divided by (-1 + s/2)*(-34)/(-3).
15
Let d = 86 + -61. Suppose 1567 + 2773 = 70*y. Calculate the remainder when y is divided by d.
12
Let d(z) = z**3 - 7*z**2 - 11. Suppose 1207*q = 1232*q - 1350. What is the remainder when d(9) is divided by q?
43
Suppose 0 = 221*j - 130255 - 54050 + 10820. Calculate the remainder when j is divided by 196.
1
Let q(m) = -15*m - 371. Calculate the remainder when q(-49) is divided by 28.
0
Let t(b) = b**3 - 15*b**2 + 15*b + 79. What is the remainder when t(15) is divided by 64?
48
Suppose -2*y + 18 = 6*v - 10*v, v = 5*y - 90. Calculate the remainder when 5964 is divided by y.
17
Let f = -301 - -344. Let i(c) = 2*c**2 + 9*c. Calculate the remainder when f is divided by i(-6).
7
Suppose -2*m - 2 - 14 = 0. Suppose 0 = 1579*j - 1583*j - 100. Let g = m - j. What is the remainder when 83 is divided by g?
15
Let g(z) = -4 - 2*z + 5 + 2 - 1. Let j be g(0). Suppose 64 = -j*k + 4*k. Calculate the remainder when k is divided by 19.
13
Let z(v) = -6*v + 4. Let l be z(-5). Suppose 4*h - 17 = -p + h, 6 = 2*h. Let r = l - p. Calculate the remainder when r is divided by 11.
4
Let q(n) = -n**3 - 2*n**2 + 1. Let z be q(1). Calculate the remainder when (285/60)/(1/4) is divided by -7*1*2/z.
5
Let o(v) = -v**3 + 9*v**2 + 4*v + 7. Let b be o(6). Suppose -b = 20*d - 739. What is the remainder when 143 is divided by d?
23
Let a = -73 + 151. Let r = a - 56. Suppose -2*k - r = -56. What is the remainder when 50 is divided by k?
16
Let x be -3 - 160/(-28) - (-4)/14. Suppose 0*b = -c + 3*b + 50, 2*b = -x*c + 194. Suppose -2*n + 44 - 12 = 0. What is the remainder when c is divided by n?
14
Suppose 4*h - 8*h = -472. Let j(z) = -2*z + 32. Let l be j(14). Suppose l*o + r = 165, 70 = 2*o - r - r. Calculate the remainder when h is divided by o.
38
Suppose -3*b - 3*g - 3146 = -16352, 4*b - 3*g = 17566. Calculate the remainder when b is divided by 53.
50
What is the remainder when 88 is divided by (-1400)/42*24/(-10)?
8
Let m(s) = 24*s + 151. Let x be m(-8). Let f(o) = -8*o - 210. Calculate the remainder when f(x) is divided by 20.
18
Calculate the remainder when 305 is divided by 246 - 248 - (-1 - 66).
45
Suppose 3*o + 2*o + 70 = 5*u, 5*u - 98*o - 163 = 0. Let v(z) = -z**2 + 7*z + 8. What is the remainder when v(6) is divided by u?
1
Suppose -2*o + 28 = 5*y, 4*o - 92 = -4*y - 0*y. What is the remainder when 2393 is divided by o?
15
Let w be (-1)/(-2) + 9/2. Suppose 4*v = -4*y + 16, 3*v - 20 = -w*y - 2. What is the remainder when 42 + -4 + -1*3/y is divided by 13?
11
Suppose 360 = 4*h - g + 52, 0 = h - 2*g - 77. What is the remainder when 358 is divided by h?
50
Let g = -23466 - -25594. Calculate the remainder when g is divided by 267.
259
Let u(j) = 2*j**2 + 9*j - 1. Suppose 2*o = -10*t + 15*t - 56, o - 17 = -2*t. Calculate the remainder when u(-7) is divided by t.
4
Suppose -17 - 19 = -3*n. Suppose 5*c + t - 58 = -n, 5*c = -5*t + 30. Calculate the remainder when 23 is divided by c.
3
What is the remainder when (35 - 22)*(11 + 0) is divided by 38?
29
Let b(a) = 13*a - 55. Let u(l) = 18*l - 55. Let v(f) = 6*b(f) - 4*u(f). What is the remainder when 272 is divided by v(30)?
62
Suppose n = -3*p - 19 + 1025, 0 = 3*p - 5*n - 1036. What is the remainder when 679 is divided by p?
5
Let f = -37 + 114. Suppose 0 = 5*y - c - 193, c - 3*c + 108 = 3*y. What is the remainder when f is divided by y?
1
Let x be 27/12 + 14/(-56). Suppose 9 + x = g. Calculate the remainder when 87 is divided by g.
10
Suppose -3*u + 4 + 2 = 0. Let l be (2 + -42)*1 + 4. Calculate the remainder when (l/15*1)/((-36)/120) is divided by u.
0
Let u(a) be the first derivative of -7/2*a**2 - 1 - 5*a. Calculate the remainder when 52 is divided by u(-2).
7
Suppose 0 = 9439*j - 9425*j - 59766. What is the remainder when j is divided by 61?
60
Let c(w) = w + 38. Suppose -5*z - 27 = -4*z - 3*g, -3*g = 2*z + 18. Calculate the remainder when c(z) is divided by 4.
3
Suppose 5*p = 17*j - 12*j - 200, 165 = 5*j + 2*p. Calculate the remainder when 545 is divided by j.
20
Let m(r) be the second derivative of 2*r**3/3 - 5*r**2 - r. Let g = 1975 - 1969. Calculate the remainder when 55 is divided by m(g).
13
Let w(r) = -r + 8. Let h be w(4). Suppose -5*p + h*m + 413 = 0, -5*p + 401 = -0*p + 2*m. What is the remainder when p is divided by 3?
0
Suppose -6*p + 5*p + 508 = -2*v, -1007 = -2*p - 5*v. What is the remainder when p is divided by 57?
50
Let m be ((-2)/(-2))/(1/10). Suppose m = 3*t - 5. Suppose i = -t*i + 288. Calculate the remainder when i is divided 